2
52 - 55 - (-26 + 3 + 1 + -1)
20
Calculate 1 - -27 - (24 - 9).
13
6 + (4 - (-11 + 17))
4
-20 + 10 + -3 + 5
-8
(0 + -7 - 1 - -1) + 271 + -289
-25
8 + (-377 + 329 - (-13 + 1))
-28
(0 + (3 - 5) - 5) + 8
1
-15 + -6 + 14 - (2 + -3)
-6
What is -12 + -23 + 13 + -2 + 20?
-4
Evaluate -1 + 15 - (8 + -8 + 14 + -14).
14
Calculate (1 - 0) + -3 + -4 - -11 - -14.
19
(19 - (8 - 23)) + -23
11
Evaluate -1 + -1 + 20 + -1415 + 1424.
27
Evaluate 5 + (13 + -7 - (1 + 5)).
5
Calculate (-15 - 4) + 152 + -106.
27
What is 46 + -37 + (-5 - -6)?
10
-1 + -2 - (-6 + 8 + -3 + 7)
-9
What is -24 + -6 + 35 + 18 + 0?
23
What is the value of 18 + (-7 - (-6 + 5) - -5 - 5)?
12
-22 + 15 - (2 - (1 - 4) - 10)
-2
Evaluate 4 - (12 - (13 - -8)).
13
0 + (0 - 1) + 1044 + -1026
17
Calculate 0 + 3 + (-123 - -130) + -9 - 10.
-9
What is the value of -17 + (13 - -14) + -8?
2
Evaluate (12 - (-10 + -1 + 11)) + 6.
18
What is -4 + 10 - (10 + (7 - 6) + -1)?
-4
What is the value of -9 + (-9 - 1 - (-6 - (-14 - -4)))?
-23
Evaluate -106 + 108 - (2 + 3 + -6 + 2).
1
What is the value of 7 - 1 - (-2 - 6)?
14
-292 + 268 - (-3 + (-2 - -3))
-22
What is the value of (2 - 18) + (-30 + 4 - -78)?
36
-2 + 29 - (-9 + 21)
15
Calculate -5 + (20 - 11) - -17.
21
Evaluate 19 + (-48 - -15) - (-1 + 3 - 2).
-14
What is -10 - (8 - (-2 + 17)) - (-3 + -3)?
3
9 - (5 + 8 + -4 + -10 + 10)
0
6 - (81 + -84 - (-9 + 0 + 0))
0
-3 + 3 + (240 - 226)
14
-8 - (-5 - (-21 + 15 + -3))
-12
What is the value of 97 - (64 - -24) - (0 + 2 + 2)?
5
What is the value of -18 - -36 - (-6 - -9)?
15
Evaluate 2 + (1 + 4 + -3 - (1 + -9)).
12
Evaluate (24 - -2) + (-2 - -5) + -9.
20
5 - (-7 - -6) - 20 - 1
-15
What is the value of -1 + 5 + -21 + 41 + -31?
-7
What is the value of 20 - (-2 - (-10 - (1 - 2) - -1))?
14
What is the value of 1 + (3 - 8) - (-14 - (-6 + -2))?
2
What is 2 + (1 - -3) + (0 - -3) + -10?
-1
Evaluate (-27 - -9 - -11) + 9.
2
Evaluate 1980 - 1992 - (1 - 17).
4
-16 + (-1 - -7) - (1 + -38)
27
What is -60 - -62 - (17 - (-1 + (-3 - -8)))?
-11
7 + 2 - (38 - 39)
10
1 - (-6 + (4 - (-2 + 1)))
2
9 + 13 + -12 + -13 + 2 + 12
11
What is the value of -59 - (-45 - -10) - -8?
-16
Evaluate 13 - (5 - 4) - (0 + 12 + -10).
10
What is the value of 1 + -2 - 1 - (5 + -2)?
-5
What is 3 - (5 + 10) - -10 - 0?
-2
What is the value of -5 + (9 - (13 + -8) - (3 + -2))?
-2
What is the value of (7 - -1) + (-29 - -30 - 1) - -16?
24
What is the value of (29 - 0) + (-78 - (55 + -116))?
12
Evaluate -17 - 8 - (2 - (12 + -1)).
-16
Evaluate 80 + (14 - 38) + -26.
30
67 + -88 - (-2 + (2 - 7))
-14
6 + -32 + 17 + (11 - 1) + -3
-2
Evaluate -3 - (4 + 5) - (162 + -162).
-12
Evaluate -26 + 6 - -8 - (1 + -56 + 5).
38
Evaluate (-34 + 28 - 27) + 13.
-20
What is 91 - 86 - (-3 + (4 - 3) - -24)?
-17
Calculate 14 + -3 + -16 + 30 + -17.
8
What is the value of 13 + -12 + 0 + (-14 - 6)?
-19
Calculate 14 + (-6 - -16 - 2) + -9.
13
Evaluate (3 - -1) + (-9 - 5 - -13).
3
Evaluate 19 - -11 - 5 - 20.
5
What is (1 - -6 - -1) + 3 + 2?
13
-6 + (1 + -12 - (18 - -4 - 74))
35
What is -90 + 74 + (1 - 4) - (-5 - -5)?
-19
What is -24 + 18 - (2 + -2 - -11)?
-17
What is 4 - (1 - (-13 + 6))?
-4
What is the value of 20 + (-19 - ((23 - 11) + -13))?
2
What is 4 - (-5 - -2) - (16 + 2 - 26)?
15
Evaluate 10 + -21 - 29 - (4 - -2 - 7).
-39
Evaluate -11 + (17 - -62) + -39.
29
Calculate 8 - ((-17 - -5) + (11 - 4)).
13
What is the value of 6 + -42 + 6 + 32?
2
What is 70 + -63 + 14 + -2?
19
Evaluate 13 + (3 - (17 - 6)) + 2 - 11.
-4
What is the value of -2 - -22 - 28 - (-13 - (2 - -1))?
8
What is the value of 5 - (22 - 16 - 10)?
9
Calculate (-2 + 1 - (-1 - 1)) + -11.
-10
What is 86 + -87 + -5 + -1?
-7
5 - ((6 - 8) + 10 + 0) - 9
-12
Evaluate -2 + 11 - (-91 - -102).
-2
Calculate 7 - (-3 + 1 + 10 - 5).
4
Calculate -13 + -20 + 37 + 1.
5
What is 5 + (3 - 0 - (9 + -11 + 7))?
3
3 + -1 + -12 + 8
-2
-8 + 32 + -32 - -13
5
What is the value of (5 - (-2 - (0 - 12))) + (18 - -6)?
19
What is the value of 52 + -26 + -8 + 11?
29
Calculate -2 - (34 + -20 - 10).
-6
What is (-6 + -2 + 11 - 13) + 2?
-8
Calculate 0 - (-133 + 48 + 48 - (1 + 1)).
39
What is -3 + (-9 - (3 - 5)) - (-1 + -1)?
-8
Evaluate 0 + (-21 - ((-10 - -15) + -9)) + 2.
-15
Evaluate 0 + 3 - (-3 + (9 - 5)).
2
What is the value of -14 + (2 - (2 - 1) - -4) - -7?
-2
What is the value of 4 + -3 + 0 + (3 - 4) - 1?
-1
Evaluate (94 - 93) + 0 + 9.
10
-180 - -156 - (-11 - -1) - 2
-16
Calculate (3 - 3 - -8) + (-39 - (-30 - -6)).
-7
What is (-41 + 27 - 7) + 3?
-18
What is -1 + 3 + 7 + -14 - -7?
2
-11 + (-3 - (2 - (17 + -16 + 10)))
-5
Evaluate -3 + -2 + 5 - ((1 - 1) + -4).
4
What is -4 + 5 - (-9 - (8 + -14))?
4
Evaluate (-22 - 1) + -28 + 30.
-21
11 - (-22 - -9 - -31)
-7
What is the value of 18 + (-17 - -8 - 19)?
-10
What is the value of 26 - (7 - -44) - -29?
4
What is the value of (1 - (1 - 0 - 11)) + -13 + 14?
12
2 + -1 + -12 + -1 + (20 - 10)
-2
Calculate 2 + -5 + 0 - (49 - 37).
-15
Calculate -8 + 18 + -7 + -12.
-9
Evaluate -21 - -1 - ((0 - 0) + (-316 - -313)).
-17
-14 - (3 + -29 + 4 - -7)
1
Evaluate -13 - (-12 - -20 - 11).
-10
What is 13 + (-11 + -5 - 2)?
-5
Calculate 0 + 6 + (-1 - -2) + -15 + 9.
1
Evaluate (-2 - (-9 - 0)) + -7 - 8.
-8
-4 + 3 + -24 + 21
-4
Calculate -23 + 10 + -10 + 25.
2
Evaluate 12 - (-34 + 1 + 40).
5
-6 + 2 - -11 - (13 + -5)
-1
What is the value of -10 + -7 + (8 - (5 + 0))?
-14
Evaluate 37 + -15 + -1 - 17.
4
Evaluate 3 + -1 + 0 + -50 + 40 + 0.
-8
Calculate -3 - (-3 - (0 + -6 + 16)).
10
Evaluate -8 + (3 + 3 - 12 - -1).
-13
Evaluate -13 + -1 + (216 - 195).
7
Evaluate 4 + 0 - (6 + -20 - -11).
7
What is 4 - ((2 - -11) + 104 + -105)?
-8
What is the value of -42 + 47 + (-8 + -2 - -1) + -2?
-6
What is the value of -2 + (5 - (-11 - -22)) + -1?
-9
Evaluate -19 - 3 - (-340 - -332).
-14
What is 4 - -2 - (48 + -25)?
-17
-5 + -1 + -10 + 18 + 4
6
Evaluate (3 - -5) + -1 + (-15 - -10) + -8.
-6
Calculate ((-1 - -14) + 0 - 2 - 5) + -34.
-28
Calculate (1 - 7 - 0) + (425 - 431).
-12
-3 + 21 + 0 + -24
-6
What is (22 - (-21 + 55)) + (-1 - 8)?
-21
-8 - (-5 + (-1 - 8 - -2) + 5)
-1
Calculate -2 + 1 + 6 + -2830 + 2819.
-6
Evaluate 31 - ((3 + -9 - -10) + 1 + -11).
37
What is the value of (5 + 5 - (-5 + 13)) + 10?
12
What is the value of (-46 + 21 - -10) + 0 + 0?
-15
Evaluate -2 + (6 - 4) - 13 - 3.
-16
Evaluate -14 - (-12 + (7 - 4)).
-5
Calculate -79 + 117 + -4 + -9.
25
What is the value of -1 + 16 - (821 - 802)?
-4
(11 - 16) + (2 - (-3 + 2)) + 8
6
(0 - -4) + -6 + 3 + (-56 - -66)
11
What is -4 + (-2 + -11 - (2 + -7))?
-12
What is the value of (-3 - 9) + 4 - 5?
-13
Evaluate (5 - -4) + 69 + -71.
7
Calculate 0 + (10 - 1 - 1).
8
Evaluate -15 + 32 + -27 + 2 + 34.
26
What is the value of -1 + 0 + -1 - (-56 - -60) - 4?
-10
What is -6 - ((5 - 7) + 0) - (-3 - -3)?
-4
Calculate 12 + (-14 - (31 - 41)).
8
Evaluate 6 + -19 - (-94 - -116).
-35
Evaluate -2 - (2 + -2 + -10).
8
Calculate 306 - 329 - (-2 + -13).
-8
Evaluate 3 + -2 + -27 + 31 + (-4 - -9).
10
Calculate (-22 - (-62 + 22)) + -12.
6
What is -10 + 9 + 7 + 3 + -4 - -2?
7
Calculate 1 + -14 + 31 + -52 + 22.
-12
What is (12 - 29) + 26 + 2?
11
Calculate -7 + (-8 - -4 - -4) + 3 + 13.
9
-9 - (-3 - 2 - (3 - -8 - -23))
30
What is (25 + -19 - (-21 + 11)) + (7 - 0)?
23
Calculate -4 + -1 - -2 - (-70 - -83).
-16
What is 14 + (5 - -6 - 15) + 13?
23
What is the value of 1 + 7 + 22 + -29 + 3 + 1?
5
What is the value of 9 - (-8 - (-6 - 5) - (0 - 22))?
-16
Evaluate -9 - 2 - (-6 - -5 - (7 + 0)).
-3
Calculate (8 - ((-11 - 1) + 9)) + -21.
-10
Evaluate (-66 - -18 - -26) + 19.
-3
Evaluate -5 - 15 - -1 - -29.
10
What is 1 + -1 + -11 + 2 + (21 - 17)?
-5
What is the value of 5 + 2 + 4 + (0 - -5)?
16
What is 16 + -23 + 13 + (-3 - 2)?
1
Evaluate 12 + 7 + 0 + (-5 - 3).
11
Calculate (-8 - -17) + -7 + (5 - 18) + 7.
-4
Evaluate (28 - 2) + (-24 + 19 - 6).
15
What is 67 - 70 - (-34 - -6 - (1 - 4))?
22
Calculate 21 - 1 - (196 - 189).
13
Evaluate -178 - -180 - ((-3 - -15) + -3).
-7
Evaluate 2 - (7 - 10) - 18.
-13
What is the value of 11 + -2 + 0 - (14 - -1)?
-6
(-48 - -13) + 26 - -15
6
What is 38 - 41 - (3 + -2 + (-8 - -1))?
3
(-27 - (-20 + -9)) + (0 + -2 - 2)
-2
-12 + 30 + -32 - 23 - -9
-28
Evaluate 40 + -18 + -19 + (2 - 4 - -14).
15
What is (3 - (-4 + 11)) + (9 - (-7 - -5))?
7
Evaluate 9 - -8 - -5 - 11.
11
What is the value of 6 + (-13 - -9 - -4 - 3)?
3
Evaluate -2 + 5 + (20 + -9 - 6)